alculate the greatest common divisor of y and 5.
1
Let r be (5 - 0)*(2 - 2/5). Calculate the highest common divisor of r and 2.
2
Let q(d) = -d**3 + d + 2. Let u be q(-2). What is the greatest common divisor of 20 and u?
4
Let q(f) = -6*f - 6. Let a be 8/(-20) + (-23)/5. Let g be q(a). Let w(o) = 67*o**2 - 3*o + 2. Let r be w(2). Calculate the greatest common factor of g and r.
24
Let i = -12 - -23. Suppose -46 = -z - i. Suppose 7*d - 25 = 2*d. Calculate the greatest common factor of d and z.
5
Let n = 179 + -151. What is the highest common divisor of n and 42?
14
Let y = -3 + 6. Suppose i = -y*i + 160. What is the highest common factor of i and 100?
20
Let p be (0 + 3)/(2 + -1). Let a be ((-11)/(-3))/((-1)/p). Let m be (-13)/(-11) - (-2)/a. What is the highest common factor of 4 and m?
1
Let w be (-2)/4*(-56)/2. Suppose -4*k = -3*u - 6, -4*u - 3*k + 13 = -2*u. What is the greatest common divisor of u and w?
2
Let q be 1/(-2)*(8 - 10). Let d be (-12 - q)*(-5)/1. What is the highest common divisor of 26 and d?
13
Suppose 0 = 3*h - 482 - 766. Calculate the greatest common factor of 26 and h.
26
Let c be (-2 - 0) + 11 + -3 + 6. What is the greatest common divisor of 3 and c?
3
Let d = -15 + 14. Let a be 28 + (-1 - (d - 3)). Calculate the highest common factor of a and 31.
31
Suppose 5*p - 43 - 2 = 0. Let w be (-2)/(1 - p/6). Suppose -w - 41 = -5*l. What is the highest common divisor of 3 and l?
3
Let c be 4/((-6)/(-3)) - -2. Suppose -c*t + 28 = -16. Calculate the greatest common factor of t and 77.
11
Let x(i) = i - 4. Let a be x(6). Let t(v) = 2*v - 1. Let h be t(4). Suppose -h = a*l - 27. Calculate the highest common factor of 110 and l.
10
Suppose -6*n + 84 = -0*n. What is the greatest common divisor of 126 and n?
14
Let j = 16 + 9. What is the highest common factor of j and 10?
5
Let r = 24 - 19. Suppose -1151 - 4 = -5*s - r*d, -5*d + 691 = 3*s. Calculate the greatest common divisor of 29 and s.
29
Let t = 7 - 8. Let h be 2 + t + -1 - 1. Let k be 4 + 1 + h + -2. Calculate the highest common factor of k and 5.
1
Let b = -116 + 174. Suppose 4*f = 2*p - 306, 424 = 3*p - f - 15. Calculate the highest common factor of b and p.
29
Let i(v) be the second derivative of v**3/6 + 8*v**2 - v. Let u be i(-7). What is the highest common divisor of u and 36?
9
Suppose -4*o + 6 = -2*o. Suppose 0*v + o*v = -2*c + 35, -2*v = -c - 28. Calculate the highest common divisor of v and 52.
13
Let r = 1 + 13. Let f = -15 + 66. Suppose 3*x = -9 + f. Calculate the greatest common factor of x and r.
14
Let i(u) = u + 7. Let h(x) = -5*x**2 - x. Let m be h(1). Let p be m*(3 - 2)/1. Let s be i(p). Calculate the greatest common divisor of s and 3.
1
Suppose 13 = -4*c - 15. Let y(p) = -p - 1. Let o be y(c). Let b be 3/o + 83/2. What is the highest common divisor of 28 and b?
14
Let u be ((-21)/15)/((-7)/35). What is the highest common factor of u and 56?
7
Suppose 27*i + 54 = 29*i. What is the greatest common divisor of 18 and i?
9
Suppose -g + 30 + 17 = 0. Let c = g + -19. Calculate the highest common divisor of c and 4.
4
Let r(o) = o**2 + 3*o - 1. Let x be r(2). What is the greatest common divisor of 45 and x?
9
Let y(w) = w**2 + 11*w + 12. Let h be y(9). What is the highest common divisor of h and 16?
16
Let n(o) = -4*o**3 - 1. Let i be n(-1). Let f = 0 + 5. Suppose x - f*x + 24 = 0. What is the highest common divisor of i and x?
3
Let m be ((-4)/(-24) - 0) + 46/12. Let g = 11 - 7. Suppose g*i - 7 = 1. What is the greatest common divisor of m and i?
2
Suppose -72 = -2*a - a. What is the highest common divisor of a and 6?
6
Let k(u) = u**2 - 5*u - 2. Let y be k(7). Calculate the greatest common divisor of 8 and y.
4
Let t(x) = 17*x + 54. Let f be t(13). Calculate the highest common divisor of f and 110.
55
Suppose -2*p = -95 - 35. What is the highest common factor of 26 and p?
13
Suppose -15 = -3*z, 4*n + 4*z - 2*z = 42. Suppose 5*k - 192 = k. What is the greatest common factor of n and k?
8
Suppose -k + 7 = -58. Suppose -2*l + 4*l - v = 98, 0 = 3*v. Suppose 0 = -h - 3*n + 16, 0 = h - 5*h + 3*n + l. What is the highest common divisor of h and k?
13
Suppose -20 = -3*g - 5, 29 = 4*y + 5*g. Suppose -q - y = -0*q. Let a be 359/5 + q/(-5). What is the greatest common divisor of a and 8?
8
Suppose 3*f + 4 = 4*f. What is the greatest common divisor of f and 20?
4
Let g be (-20)/(-70) - (-654)/14. Calculate the greatest common divisor of g and 141.
47
Suppose -5 = 4*f - 173. Let w(t) = -t**2 + 5*t + 1. Let c be w(4). Suppose c + 9 = p. Calculate the highest common divisor of f and p.
14
Let x(y) = y**2 + y - 9. Let b be x(-7). What is the greatest common factor of b and 33?
33
Let s = -21 + 21. Suppose s*y + 3*y = 21. What is the greatest common factor of 14 and y?
7
Let s be (-8)/14 - (-9522)/126. Calculate the greatest common divisor of 30 and s.
15
Let q(a) = 15*a - 3. Let s be q(1). What is the highest common factor of s and 18?
6
Suppose 0 = j - 3*j + 48. Calculate the greatest common divisor of j and 24.
24
Suppose 0*d + 2*d - 8 = 0. Suppose d*q = 2*q + 28. Let c(h) = h**2 - 4*h - 10. Let x be c(9). What is the highest common factor of x and q?
7
Let g(u) be the first derivative of -u**3/3 + 4*u**2 + u + 1. Let a be g(5). What is the greatest common factor of 8 and a?
8
Let p(y) be the third derivative of y**4/8 - y**3/2 - 9*y**2. Let g be p(6). Suppose x + 2*x - 495 = 0. What is the highest common divisor of g and x?
15
Suppose 0 = -3*h + 5 - 2. Let j be 50/6*3*h. What is the greatest common factor of 5 and j?
5
Suppose 7*q - 36 = 4*q + 3*j, 3*j + 45 = 4*q. What is the greatest common divisor of q and 6?
3
Let x be 0/(5 + -1) + 10. What is the greatest common divisor of x and 2?
2
Suppose 180 = h + 4*h. Let d(z) = -z - 5. Let o be d(-14). Calculate the greatest common factor of h and o.
9
Let r(y) = -y**2 - 14*y + 10. Let b be r(-8). Suppose -70 - b = -4*a. Suppose -4*h + 20 = -a. Calculate the highest common factor of 65 and h.
13
Let c(j) be the third derivative of 0*j + 3/2*j**3 + 1/3*j**4 + 2*j**2 - 1/60*j**5 + 0. Let u be c(7). Calculate the highest common factor of u and 24.
8
Let p = -6 - -6. Let d = p - -4. Suppose -2*o + 3*u + 11 = 0, o = -4*o + d*u + 38. Calculate the highest common factor of o and 10.
10
Suppose -1 = g + u, -u = g + u + 6. Let d(n) = -n + 3. Let k be d(g). Let h be (3/9)/(k/(-27)). What is the highest common divisor of h and 72?
9
Suppose 0 - 6 = -h. Let x = h - 1. What is the greatest common factor of 10 and x?
5
Suppose 5*a - 20 = r + 10, 3*a - 41 = -4*r. Let v(u) = u + 8. Let c be v(6). What is the highest common divisor of a and c?
7
Let v(k) = -k**2 - 9*k - 9. Let h be v(7). Let j(x) = 4*x - 9. Let r be j(-10). Let g = r - h. Calculate the greatest common divisor of 8 and g.
8
Let o be (-3 + 0)/(-3)*1. Let d = 38 - 27. What is the highest common factor of o and d?
1
Let w = 229 + -205. Let n = -5 + 8. Calculate the highest common divisor of n and w.
3
Suppose -4*m + t = -40, -m - 6 = 4*t + 1. Let s = 12 + m. Calculate the highest common factor of 189 and s.
21
Let v = -7 + 24. What is the highest common factor of 51 and v?
17
Suppose g - 414 = -5*b - g, 0 = -5*b + 2*g + 426. What is the highest common divisor of b and 36?
12
Let p = -1 + 73. What is the greatest common factor of p and 9?
9
Suppose -4*k + 710 - 134 = 0. What is the highest common divisor of 96 and k?
48
Let n be -2 - -3 - (1 + -2). Let y(i) = 14*i. Let z be y(n). Suppose 2*s = 2*c - z, -2*s = -3*c - 0*s + 38. Calculate the highest common divisor of 60 and c.
10
Let o be -3*(-2)/6 - 208/(-1). Calculate the highest common divisor of o and 19.
19
Suppose 3*u + 26 = 4*u. Calculate the highest common factor of 234 and u.
26
Let q = -5 - -13. Suppose 0 = -5*t + 7 + q. Suppose -5*r + 337 = -r + t*g, -4*g = 2*r - 166. Calculate the greatest common factor of r and 17.
17
Let k(g) = 26*g**2 + g - 1. Let q be k(1). Let y = q + -17. What is the greatest common factor of 9 and y?
9
Let t(n) = n + 11. Let r be t(11). Suppose -3*o = -83 - r. Calculate the greatest common factor of o and 5.
5
Let z = 2 + 1. Let h = 81 - 60. What is the greatest common divisor of h and z?
3
Suppose -4*p - m + 19 = -19, -p = 5*m. Let o = -10 - -18. Suppose w - o = p. What is the greatest common factor of